 Suppose 5*y - 43 = -2*o + 111, w = 3*y - 4*o. What is the units digit of y?
0
Suppose 0 = -2*c + 5*u - 118, 3*c + 5*u + 110 = -17. Let i = 16 - c. What is the tens digit of i?
6
Suppose 2333 = 16*p - 6947. What is the tens digit of p?
8
Let h(k) = 3*k**3 - 2*k**2 + k + 2. Let i be h(-1). What is the units digit of (-61)/(-7) - i/14?
9
Let l(c) = 2*c**3 - 4*c**2 - 3*c + 6. Suppose 0 = 5*x - 8 - 12. What is the tens digit of l(x)?
5
Suppose -4316 - 1294 = -30*i. What is the tens digit of i?
8
Suppose 62 = 3*f + 11. Let i = 4 + f. What is the tens digit of i?
2
Suppose 3*c - 496 = -5*c. Suppose -7*q = -265 + c. What is the tens digit of q?
2
Let q = 6200 + -4014. What is the tens digit of q?
8
Let s(m) = 2*m**2 + 30*m + 33. Let w be s(-14). What is the units digit of w - (12 - 4) - -39?
6
Let x(a) = -a - 3. Let y(b) = 4*b + 10. Let m(c) = 8*x(c) + 3*y(c). What is the tens digit of m(20)?
8
Let g = 66 + 10. Let q = g + -30. What is the units digit of q?
6
Suppose -3*w - 4*q - 12 = 0, 2*q - 15 = 4*w + 7*q. Let u be 3/(-2)*(-164)/6. Suppose w = -4*f + u + 111. What is the tens digit of f?
3
Let g(l) = 12*l - 11 - 7*l - 11*l + 3*l. Let u = 2 - 8. What is the units digit of g(u)?
7
Suppose 83 = -7*b - 456. Let x = 145 + b. What is the units digit of x?
8
Let q(p) = p + 13. Let o be q(-9). Let k(y) = 11*y + 4. Let m be k(o). Suppose 0 = -2*f - 2*a + 22 + 22, 0 = -4*f + 4*a + m. What is the units digit of f?
7
Suppose 5*i + 34 = 3*f, 3*i + 1 = -3*f - 5. Suppose -2*j = -0*j - f*v - 530, j - 291 = -5*v. What is the units digit of j?
1
Suppose 0 = 489*c - 487*c - 514. What is the tens digit of c?
5
Suppose 5 = u + 3. What is the tens digit of 92/(-1*u + (-15)/(-6))?
8
Let j(l) be the second derivative of -l**5/20 + 7*l**4/12 - l**3/6 - 5*l**2/2 - l. Let d be j(6). Suppose -8*r + d = -3*r. What is the units digit of r?
5
What is the tens digit of ((-57)/(-1))/((-315)/(-9555))?
2
Let h = -30 + 47. Let l = 15 - h. Let b(g) = g**2 - g - 4. What is the units digit of b(l)?
2
Suppose -12*c + 8*c + 3320 = 0. What is the tens digit of (11/55)/(2/c)?
8
Let v be 27*((-2)/2 + 2). Let j = 0 - v. Let k = j - -70. What is the tens digit of k?
4
Suppose 875 + 1453 = 3*k. What is the units digit of k?
6
Let q = 9 - -171. What is the hundreds digit of q?
1
Let g(a) = 22*a - 38. What is the tens digit of g(9)?
6
Suppose 9*a = 10*a - 9. Let h = a - -41. What is the units digit of h?
0
Suppose 45 = 2*v + 239. Let r = 25 - v. What is the units digit of r?
2
Let x = 4 + -9. Let j(h) = -5*h - 24. Let l(s) = -9*s - 44. Let q(k) = 11*j(k) - 6*l(k). What is the units digit of q(x)?
5
Suppose 2*u - 4*v - 1204 = 0, 8*v - 3*v + 1205 = 2*u. What is the units digit of u?
0
Let o = -13 - -13. Suppose x - c + 32 = o, x + 20 = -0*x - 5*c. Let i = 65 + x. What is the tens digit of i?
3
Let r = 8649 + -5214. What is the units digit of r?
5
Suppose 6129 + 3537 = 9*v. What is the tens digit of v?
7
Let u be 5 + -1 + (-8 - -4 - 0). Suppose u*q + 330 = 3*q. What is the units digit of q?
0
Let u = -443 + 884. Let n = u + -279. What is the hundreds digit of n?
1
Suppose -18 = -2*u - 5*n + 21, -3*n = -2*u - 1. Suppose x = -u*b + 2*b + 104, 0 = -x + 4*b + 122. What is the units digit of x?
4
Suppose -3*b = -4*f - 1774 - 2260, -5*b + 6680 = 2*f. What is the units digit of b?
8
Let w(k) = -k**2 + 19*k + 17. What is the units digit of w(13)?
5
Suppose -5*z - 12 = -2*z. Let y(b) = -2*b**2 + 8*b - 7. Let w(t) = t**2 - 5*t + 5. Let r(n) = -8*w(n) - 5*y(n). What is the units digit of r(z)?
7
Suppose 0 = 3*v + 923 + 274. What is the hundreds digit of 5*(v/(-4))/(45/24)?
2
Let n = 2403 - 990. What is the units digit of n?
3
Suppose 15 = -t + 20, 2*q - 5*t - 379 = 0. What is the units digit of q?
2
Suppose -2 + 0 = 2*o. Let h(x) = -9*x**3 - 2*x**2 + 1. Let a be h(o). Let g(f) = f**2 - 6*f + 1. What is the tens digit of g(a)?
1
Suppose h = 4*i + 241, -4*i + 9*i - 5*h + 305 = 0. Let u = 80 + i. What is the units digit of u?
0
Let n(x) = -x**2 - 1. Let c(d) = 18*d**2 + 7. Let a(h) = c(h) + 6*n(h). Let m be a(1). Suppose 5*g - 17 = m. What is the units digit of g?
6
Suppose 5*a + 5*c - 65 = 0, 0*c + 4*c + 39 = 3*a. Let x be (a - 19)*4/3. Let z(d) = -3*d - 6. What is the units digit of z(x)?
8
Let h = -92 - -157. What is the tens digit of h?
6
What is the tens digit of 1*(0 + 4 - -1591)?
9
Let w be (3/(-6))/(1/(-10)). Suppose 669 = w*r - 1021. What is the hundreds digit of r?
3
Let h = 12 - 14. Let y = h - -5. What is the tens digit of y + (-1)/((-4)/84)?
2
Let j(n) = -n - 3. Let z be j(-2). Let o be z/(-3)*(4 + -7). What is the tens digit of (7/14)/(o/(-26))?
1
Suppose -5*d + 240 = 3*d. Suppose 0 = 2*b - 12 - d. What is the tens digit of b?
2
Suppose -10*o + 124 = -116. What is the units digit of o?
4
Suppose 19*d - 29370 + 3644 = 0. What is the hundreds digit of d?
3
Suppose -d + 8 + 3 = 0. Let o(s) = -2*s + 2. Let z be o(3). Let u = z + d. What is the units digit of u?
7
Suppose 858*s - 876*s + 29790 = 0. What is the hundreds digit of s?
6
Let i(h) = -66*h - 215. What is the thousands digit of i(-30)?
1
Let u(m) = 1259*m - 79. What is the hundreds digit of u(1)?
1
Let u(r) = r**3 + 27*r**2 - 42*r + 27. What is the tens digit of u(-21)?
5
Let l(s) be the third derivative of -s**6/120 + 7*s**5/60 - s**4/4 + 5*s**3/6 - 3*s**2. Let k be l(6). Suppose 8 = k*f - 62. What is the units digit of f?
4
Let i = 0 + 3. Suppose -147 = -3*z - 3*m, z - 6*m + i*m - 29 = 0. What is the tens digit of z?
4
Let q be (-4)/((-3)/3 - 1). Suppose 5*i = i + q*u + 12, 5*i + 5*u - 15 = 0. Suppose 33 = i*f - 30. What is the tens digit of f?
2
Suppose 4*c - 2335 = -411. What is the hundreds digit of c?
4
Suppose -121*r + 14894 = -110*r. What is the thousands digit of r?
1
Let l(u) = u - 4. Let w be l(-4). Let f be (-3)/12 + (-1402)/w. Suppose 0 = -3*x - 4*a + 113, -x - 4*a + f = 4*x. What is the units digit of x?
1
Let g(f) = -f**3 + 9*f**2 + 3*f - 4. Let n = 49 - 20. Suppose -x + n = 5*v, -x - 3*v + 13 = -2*v. What is the tens digit of g(x)?
2
Let n = 2546 - 544. What is the units digit of n?
2
Let k = -80 - -812. What is the tens digit of k?
3
Let q = 2 - 10. Let w = q + 4. What is the tens digit of (6 - 0)*(-18)/w?
2
Let g = 367 + 72. Suppose g = 5*r - j, 3*r - 4*j - 194 = 83. What is the units digit of r?
7
Let l(a) = -a**2 + 10*a + 7. Let n be l(-8). Let f = n + 215. What is the tens digit of f?
7
Suppose -13 = -2*z + 53. Let d = z - 14. What is the tens digit of d?
1
Suppose -5*a + 0*a + 30 = 0. Let h be (2/a)/((-6)/(-90)). Suppose -h*w = -0*w - 175. What is the units digit of w?
5
Let m be (-92)/22 + (-12)/(-66). Let u(g) = -g**2 - 3*g + 5. Let v be u(m). What is the tens digit of (v - 0)*(5 + 21)?
2
Suppose 3*d = 5*r - 3978, 414 - 2005 = -2*r + d. What is the units digit of r?
5
Suppose -21*t = -29*t - 104. What is the tens digit of 28 + 2 + t + 18?
3
Suppose 3*g + 3*i + 0*i - 18 = 0, 5*g = 2*i - 5. Let h be (0 - g)*-74 - -2. Let p = h + -39. What is the units digit of p?
7
Suppose -4*q - 5*p + 137 = 0, 0 = 35*p - 32*p - 15. Let h be (-2)/(-4) - 114/(-4). Let b = h - q. What is the units digit of b?
1
Let y(r) = -2*r**2 - 105*r - 34. What is the tens digit of y(-47)?
8
Let y(p) = 6*p**3 - 85*p**2 + 84*p + 4. Let b(g) = -g**3 + 17*g**2 - 17*g - 1. Let o(l) = 11*b(l) + 2*y(l). What is the tens digit of o(-18)?
1
Let l be (-74)/(-9) - 6/27. Suppose -l = -4*y + 2*y. Suppose o - y*o + 27 = 0. What is the units digit of o?
9
Let s be (-4)/7 - 555/21. Let m = s - 7. Let j = -4 - m. What is the units digit of j?
0
Let c = -21 - -21. Suppose -n = 5*i + 8 - c, -2*i + 4 = -2*n. What is the units digit of (272/24)/((-1)/n)?
4
Suppose 3*y = -0*y - 12. Let z be 23 - (y - -2)/2. Suppose -p + 2*s = -34, 4*s - 52 - z = -2*p. What is the units digit of p?
6
Suppose -2*i + 5934 = 4*l, 0 = -5*i + 7*l - 12*l + 14820. What is the units digit of i?
1
Let d = -589 + 1015. What is the hundreds digit of d?
4
Suppose 0 = -11*l + 12*l - 1452. What is the hundreds digit of l?
4
Suppose -2224 = -4*u + 80. What is the tens digit of u?
7
Let l be (-5)/3 - 5164/(-6). Suppose -178 = 3*i - l. What is the hundreds digit of i?
2
Let g(c) = 3*c**3 - 12*c**2 - 15*c + 5. Let r(z) = -z**3 + z - 1. Let j(v) = g(v) + 4*r(v). Suppose 144 = -16*i - 32. What is the units 